0927?
3, 13, 61
What are the prime factors of 208?
2, 13
What are the prime factors of 1217?
1217
List the prime factors of 5677.
7, 811
What are the prime factors of 535?
5, 107
List the prime factors of 25185.
3, 5, 23, 73
What are the prime factors of 81128?
2, 10141
List the prime factors of 524.
2, 131
What are the prime factors of 10526?
2, 19, 277
List the prime factors of 11376.
2, 3, 79
What are the prime factors of 77998?
2, 59, 661
What are the prime factors of 1370?
2, 5, 137
List the prime factors of 3500.
2, 5, 7
List the prime factors of 66966.
2, 3, 11161
List the prime factors of 36254.
2, 18127
What are the prime factors of 944?
2, 59
List the prime factors of 1675.
5, 67
List the prime factors of 48771.
3, 5419
List the prime factors of 98328.
2, 3, 17, 241
What are the prime factors of 20889?
3, 11, 211
List the prime factors of 375.
3, 5
List the prime factors of 57.
3, 19
List the prime factors of 12308.
2, 17, 181
What are the prime factors of 71296?
2, 557
What are the prime factors of 3526?
2, 41, 43
List the prime factors of 2059.
29, 71
List the prime factors of 3180.
2, 3, 5, 53
List the prime factors of 10576.
2, 661
List the prime factors of 4304.
2, 269
List the prime factors of 104.
2, 13
What are the prime factors of 4209?
3, 23, 61
List the prime factors of 50673.
3, 7, 19, 127
List the prime factors of 40534.
2, 13, 1559
List the prime factors of 23328.
2, 3
What are the prime factors of 4295?
5, 859
List the prime factors of 15385.
5, 17, 181
What are the prime factors of 24966?
2, 3, 19, 73
List the prime factors of 76999.
13, 5923
What are the prime factors of 9733?
9733
What are the prime factors of 18193?
7, 23, 113
List the prime factors of 21224.
2, 7, 379
List the prime factors of 8059.
8059
What are the prime factors of 2540?
2, 5, 127
What are the prime factors of 2692?
2, 673
List the prime factors of 143024.
2, 7, 1277
What are the prime factors of 690?
2, 3, 5, 23
List the prime factors of 1679.
23, 73
List the prime factors of 1806.
2, 3, 7, 43
What are the prime factors of 241?
241
List the prime factors of 4255.
5, 23, 37
List the prime factors of 33086.
2, 71, 233
What are the prime factors of 988?
2, 13, 19
List the prime factors of 4549.
4549
List the prime factors of 44976.
2, 3, 937
List the prime factors of 8561.
7, 1223
List the prime factors of 369.
3, 41
What are the prime factors of 55514?
2, 41, 677
List the prime factors of 20239.
37, 547
What are the prime factors of 2328?
2, 3, 97
What are the prime factors of 4257?
3, 11, 43
What are the prime factors of 1003?
17, 59
List the prime factors of 1253.
7, 179
List the prime factors of 27040.
2, 5, 13
List the prime factors of 1964.
2, 491
What are the prime factors of 6022?
2, 3011
List the prime factors of 84871.
84871
What are the prime factors of 15950?
2, 5, 11, 29
List the prime factors of 107976.
2, 3, 11, 409
What are the prime factors of 9325?
5, 373
List the prime factors of 29274.
2, 3, 7, 17, 41
What are the prime factors of 5143?
37, 139
What are the prime factors of 928?
2, 29
What are the prime factors of 581?
7, 83
What are the prime factors of 50674?
2, 13, 1949
What are the prime factors of 48522?
2, 3, 8087
What are the prime factors of 4185?
3, 5, 31
What are the prime factors of 23548?
2, 7, 29
List the prime factors of 78252.
2, 3, 6521
List the prime factors of 97477.
107, 911
List the prime factors of 41612.
2, 101, 103
What are the prime factors of 384?
2, 3
List the prime factors of 2415.
3, 5, 7, 23
What are the prime factors of 1133?
11, 103
What are the prime factors of 14922?
2, 3, 829
List the prime factors of 1305.
3, 5, 29
List the prime factors of 4892.
2, 1223
What are the prime factors of 20?
2, 5
List the prime factors of 1067.
11, 97
List the prime factors of 61796.
2, 7, 2207
What are the prime factors of 17003?
7, 347
What are the prime factors of 569?
569
List the prime factors of 6591.
3, 13
What are the prime factors of 17995?
5, 59, 61
What are the prime factors of 2167?
11, 197
What are the prime factors of 6762?
2, 3, 7, 23
What are the prime factors of 2019?
3, 673
List the prime factors of 2277.
3, 11, 23
List the prime factors of 4085.
5, 19, 43
What are the prime factors of 11117?
11117
List the prime factors of 34172.
2, 8543
List the prime factors of 6011.
6011
List the prime factors of 61.
61
What are the prime factors of 2219?
7, 317
List the prime factors of 10468.
2, 2617
List the prime factors of 915.
3, 5, 61
List the prime factors of 4571.
7, 653
What are the prime factors of 194?
2, 97
What are the prime factors of 23242?
2, 11621
What are the prime factors of 5751?
3, 71
What are the prime factors of 1723?
1723
What are the prime factors of 189?
3, 7
List the prime factors of 16571.
73, 227
List the prime factors of 11682.
2, 3, 11, 59
What are the prime factors of 1754?
2, 877
What are the prime factors of 1751?
17, 103
List the prime factors of 6678.
2, 3, 7, 53
List the prime factors of 245.
5, 7
What are the prime factors of 7749?
3, 7, 41
List the prime factors of 4742.
2, 2371
What are the prime factors of 4677?
3, 1559
List the prime factors of 16175.
5, 647
List the prime factors of 9917.
47, 211
List the prime factors of 15760.
2, 5, 197
List the prime factors of 58088.
2, 53, 137
What are the prime factors of 92570?
2, 5, 9257
What are the prime factors of 681?
3, 227
List the prime factors of 1624.
2, 7, 29
List the prime factors of 59188.
2, 14797
What are the prime factors of 124078?
2, 62039
What are the prime factors of 1184?
2, 37
List the prime factors of 26003.
26003
What are the prime factors of 8385?
3, 5, 13, 43
List the prime factors of 400.
2, 5
What are the prime factors of 2779?
7, 397
List the prime factors of 41498.
2, 20749
What are the prime factors of 110520?
2, 3, 5, 307
What are the prime factors of 50956?
2, 12739
What are the prime factors of 2610?
2, 3, 5, 29
List the prime factors of 66928.
2, 47, 89
What are the prime factors of 3431?
47, 73
What are the prime factors of 752?
2, 47
What are the prime factors of 767?
13, 59
List the prime factors of 48623.
48623
What are the prime factors of 7957?
73, 109
What are the prime factors of 15230?
2, 5, 1523
What are the prime factors of 25045?
5, 5009
List the prime factors of 32467.
32467
What are the prime factors of 8348?
2, 2087
List the prime factors of 6271.
6271
What are the prime factors of 512?
2
What are the prime factors of 72609?
3, 24203
What are the prime factors of 1433?
1433
List the prime factors of 3049.
3049
List the prime factors of 1069.
1069
List the prime factors of 38995.
5, 11, 709
List the prime factors of 1458.
2, 3
What are the prime factors of 1059?
3, 353
What are the prime factors of 1015?
5, 7, 29
List the prime factors of 4718.
2, 7, 337
List the prime factors of 21829.
83, 263
What are the prime factors of 22?
2, 11
List the prime factors of 5284.
2, 1321
What are the prime factors of 1238?
2, 619
List the prime factors of 742.
2, 7, 53
What are the prime factors of 171?
3, 19
List the prime factors of 50.
2, 5
List the prime factors of 2147.
19, 113
List the prime factors of 38410.
2, 5, 23, 167
List the prime factors of 4293.
3, 53
What are the prime factors of 148?
2, 37
List the prime factors of 8204.
2, 7, 293
What are the prime factors of 1269?
3, 47
What are the prime factors of 133526?
2, 66763
What are the prime factors of 2130?
2, 3, 5, 71
What are the prime factors of 3151?
23, 137
What are the prime factors of 11804?
2, 13, 227
What are the prime factors of 2291?
29, 79
List the prime factors of 30089.
30089
List the prime factors of 37302.
2, 3, 6217
List the prime factors of 2360.
2, 5, 59
List the prime factors of 414.
2, 3, 23
List the prime factors of 22848.
2, 3, 7, 17
What are the prime factors of 1333?
31, 43
What are the prime factors of 18362?
2, 9181
List the prime factors of 9927.
3, 1103
List the prime factors of 25629.
3, 8543
What are the prime factors of 15760?
2, 5, 197
List the prime factors of 225.
3, 5
What are the prime factors of 708?
2, 3, 59
What are the prime factors of 3636?
2, 3, 101
List the prime factors of 1188.
2, 3, 11
List the prime factors of 34225.
5, 37
What are the prime factors of 11319?
3, 7, 11
What are 